{"id":2815034,"date":"2024-01-13T09:22:43","date_gmt":"2024-01-13T09:22:43","guid":{"rendered":"https:\/\/carlossebastiao.com\/?post_type=chapas&#038;p=2815034"},"modified":"2024-01-26T12:44:05","modified_gmt":"2024-01-26T12:44:05","slug":"mdf","status":"publish","type":"chapas","link":"https:\/\/carlossebastiao.com\/en\/chapas\/mdf\/","title":{"rendered":"MDF"},"content":{"rendered":"<div class=\"wp-block-media-text is-stacked-on-mobile\"><figure class=\"wp-block-media-text__media\"><img decoding=\"async\" width=\"540\" height=\"600\" src=\"https:\/\/carlossebastiao.com\/wp-content\/uploads\/2024\/01\/mdf-hidrofugo.jpg\" alt=\"\" class=\"wp-image-2815309 size-full\" srcset=\"https:\/\/carlossebastiao.com\/wp-content\/uploads\/2024\/01\/mdf-hidrofugo.jpg 540w, https:\/\/carlossebastiao.com\/wp-content\/uploads\/2024\/01\/mdf-hidrofugo-270x300.jpg 270w, https:\/\/carlossebastiao.com\/wp-content\/uploads\/2024\/01\/mdf-hidrofugo-11x12.jpg 11w\" sizes=\"(max-width: 540px) 100vw, 540px\" \/><\/figure><div class=\"wp-block-media-text__content\">\n<p>Constitu\u00eddos por fibras de madeira aglutinadas com resinas de melamina-ureia-formalde\u00eddo (MUF), os pain\u00e9is de MDF hidr\u00f3fugo, mant\u00eam as suas carater\u00edsticas f\u00edsico-mec\u00e2nicas se aplicados em ambiente interior h\u00famido. Este MDF apresenta-se homogeneamente pigmentado de verde, para mais f\u00e1cil identifica\u00e7\u00e3o visual.<\/p>\n<\/div><\/div>\n\n\n\n<div style=\"height:100px\" aria-hidden=\"true\" class=\"wp-block-spacer\"><\/div>\n\n\n\n<h2 class=\"wp-block-heading\"><strong>Aplica\u00e7\u00f5es<\/strong><\/h2>\n\n\n\n<p>Aplica\u00e7\u00f5es em mobili\u00e1rio, especialmente onde exista risco de exposi\u00e7\u00e3o ocasional \u00e0 humidade. Excelente material para utilizar no setor da constru\u00e7\u00e3o civil, constru\u00e7\u00e3o naval e carpintaria de interiores (substrato para apainelados, coberturas e pavimentos).<\/p>\n\n\n\n<ul class=\"wp-block-list\">\n<li>Mobili\u00e1rio em geral<\/li>\n<\/ul>\n\n\n\n<div style=\"height:100px\" aria-hidden=\"true\" class=\"wp-block-spacer\"><\/div>","protected":false},"excerpt":{"rendered":"<p>Constitu\u00eddos por fibras de madeira aglutinadas com resinas de melamina-ureia-formalde\u00eddo (MUF), os pain\u00e9is de MDF hidr\u00f3fugo, mant\u00eam as suas carater\u00edsticas f\u00edsico-mec\u00e2nicas se aplicados em ambiente interior h\u00famido. Este MDF apresenta-se homogeneamente pigmentado de verde, para mais f\u00e1cil identifica\u00e7\u00e3o visual. Aplica\u00e7\u00f5es Aplica\u00e7\u00f5es em mobili\u00e1rio, especialmente onde exista risco de exposi\u00e7\u00e3o ocasional \u00e0 humidade. Excelente material para [&hellip;]<\/p>","protected":false},"author":2,"featured_media":2815035,"template":"","class_list":["post-2815034","chapas","type-chapas","status-publish","has-post-thumbnail","hentry"],"acf":[],"yoast_head":"<!-- This site is optimized with the Yoast SEO plugin v21.3 - https:\/\/yoast.com\/wordpress\/plugins\/seo\/ -->\n<title>MDF - Carlos Alberto Tavares Sebasti\u00e3o e Filhos, Lda<\/title>\n<meta name=\"robots\" content=\"index, follow, max-snippet:-1, max-image-preview:large, max-video-preview:-1\" \/>\n<link rel=\"canonical\" href=\"https:\/\/carlossebastiao.com\/en\/chapas\/mdf\/\" \/>\n<meta property=\"og:locale\" content=\"en_US\" \/>\n<meta property=\"og:type\" content=\"article\" \/>\n<meta property=\"og:title\" content=\"MDF - Carlos Alberto Tavares Sebasti\u00e3o e Filhos, Lda\" \/>\n<meta property=\"og:description\" content=\"Constitu\u00eddos por fibras de madeira aglutinadas com resinas de melamina-ureia-formalde\u00eddo (MUF), os pain\u00e9is de MDF hidr\u00f3fugo, mant\u00eam as suas carater\u00edsticas f\u00edsico-mec\u00e2nicas se aplicados em ambiente interior h\u00famido. Este MDF apresenta-se homogeneamente pigmentado de verde, para mais f\u00e1cil identifica\u00e7\u00e3o visual. Aplica\u00e7\u00f5es Aplica\u00e7\u00f5es em mobili\u00e1rio, especialmente onde exista risco de exposi\u00e7\u00e3o ocasional \u00e0 humidade. Excelente material para [&hellip;]\" \/>\n<meta property=\"og:url\" content=\"https:\/\/carlossebastiao.com\/en\/chapas\/mdf\/\" \/>\n<meta property=\"og:site_name\" content=\"Carlos Alberto Tavares Sebasti\u00e3o e Filhos, Lda\" \/>\n<meta property=\"article:modified_time\" content=\"2024-01-26T12:44:05+00:00\" \/>\n<meta property=\"og:image\" content=\"https:\/\/carlossebastiao.com\/wp-content\/uploads\/2024\/01\/mdf.jpeg\" \/>\n\t<meta property=\"og:image:width\" content=\"214\" \/>\n\t<meta property=\"og:image:height\" content=\"121\" \/>\n\t<meta property=\"og:image:type\" content=\"image\/jpeg\" \/>\n<meta name=\"twitter:card\" content=\"summary_large_image\" \/>\n<meta name=\"twitter:label1\" content=\"Est. reading time\" \/>\n\t<meta name=\"twitter:data1\" content=\"1 minute\" \/>\n<script type=\"application\/ld+json\" class=\"yoast-schema-graph\">{\"@context\":\"https:\/\/schema.org\",\"@graph\":[{\"@type\":\"WebPage\",\"@id\":\"https:\/\/carlossebastiao.com\/chapas\/mdf\/\",\"url\":\"https:\/\/carlossebastiao.com\/chapas\/mdf\/\",\"name\":\"MDF - Carlos Alberto Tavares Sebasti\u00e3o e Filhos, Lda\",\"isPartOf\":{\"@id\":\"https:\/\/carlossebastiao.com\/#website\"},\"datePublished\":\"2024-01-13T09:22:43+00:00\",\"dateModified\":\"2024-01-26T12:44:05+00:00\",\"breadcrumb\":{\"@id\":\"https:\/\/carlossebastiao.com\/chapas\/mdf\/#breadcrumb\"},\"inLanguage\":\"en-US\",\"potentialAction\":[{\"@type\":\"ReadAction\",\"target\":[\"https:\/\/carlossebastiao.com\/chapas\/mdf\/\"]}]},{\"@type\":\"BreadcrumbList\",\"@id\":\"https:\/\/carlossebastiao.com\/chapas\/mdf\/#breadcrumb\",\"itemListElement\":[{\"@type\":\"ListItem\",\"position\":1,\"name\":\"In\u00edcio\",\"item\":\"https:\/\/carlossebastiao.com\/\"},{\"@type\":\"ListItem\",\"position\":2,\"name\":\"MDF\"}]},{\"@type\":\"WebSite\",\"@id\":\"https:\/\/carlossebastiao.com\/#website\",\"url\":\"https:\/\/carlossebastiao.com\/\",\"name\":\"Carlos Alberto Tavares Sebasti\u00e3o e Filhos, Lda\",\"description\":\"Materiais de constru\u00e7\u00e3o, Constru\u00e7\u00e3o Civil, Loja de ferragens, Carpintaria em S\u00e3o Miguel A\u00e7ores\",\"publisher\":{\"@id\":\"https:\/\/carlossebastiao.com\/#organization\"},\"potentialAction\":[{\"@type\":\"SearchAction\",\"target\":{\"@type\":\"EntryPoint\",\"urlTemplate\":\"https:\/\/carlossebastiao.com\/?s={search_term_string}\"},\"query-input\":\"required name=search_term_string\"}],\"inLanguage\":\"en-US\"},{\"@type\":\"Organization\",\"@id\":\"https:\/\/carlossebastiao.com\/#organization\",\"name\":\"Carlos Alberto Tavares Sebasti\u00e3o e Filhos, Lda\",\"url\":\"https:\/\/carlossebastiao.com\/\",\"logo\":{\"@type\":\"ImageObject\",\"inLanguage\":\"en-US\",\"@id\":\"https:\/\/carlossebastiao.com\/#\/schema\/logo\/image\/\",\"url\":\"https:\/\/carlossebastiao.com\/wp-content\/uploads\/2023\/09\/logo-carlossebastiao.png\",\"contentUrl\":\"https:\/\/carlossebastiao.com\/wp-content\/uploads\/2023\/09\/logo-carlossebastiao.png\",\"width\":400,\"height\":166,\"caption\":\"Carlos Alberto Tavares Sebasti\u00e3o e Filhos, Lda\"},\"image\":{\"@id\":\"https:\/\/carlossebastiao.com\/#\/schema\/logo\/image\/\"}}]}<\/script>\n<!-- \/ Yoast SEO plugin. -->","yoast_head_json":{"title":"MDF - Carlos Alberto Tavares Sebasti\u00e3o e Filhos, Lda","robots":{"index":"index","follow":"follow","max-snippet":"max-snippet:-1","max-image-preview":"max-image-preview:large","max-video-preview":"max-video-preview:-1"},"canonical":"https:\/\/carlossebastiao.com\/en\/chapas\/mdf\/","og_locale":"en_US","og_type":"article","og_title":"MDF - Carlos Alberto Tavares Sebasti\u00e3o e Filhos, Lda","og_description":"Constitu\u00eddos por fibras de madeira aglutinadas com resinas de melamina-ureia-formalde\u00eddo (MUF), os pain\u00e9is de MDF hidr\u00f3fugo, mant\u00eam as suas carater\u00edsticas f\u00edsico-mec\u00e2nicas se aplicados em ambiente interior h\u00famido. Este MDF apresenta-se homogeneamente pigmentado de verde, para mais f\u00e1cil identifica\u00e7\u00e3o visual. Aplica\u00e7\u00f5es Aplica\u00e7\u00f5es em mobili\u00e1rio, especialmente onde exista risco de exposi\u00e7\u00e3o ocasional \u00e0 humidade. Excelente material para [&hellip;]","og_url":"https:\/\/carlossebastiao.com\/en\/chapas\/mdf\/","og_site_name":"Carlos Alberto Tavares Sebasti\u00e3o e Filhos, Lda","article_modified_time":"2024-01-26T12:44:05+00:00","og_image":[{"width":214,"height":121,"url":"https:\/\/carlossebastiao.com\/wp-content\/uploads\/2024\/01\/mdf.jpeg","type":"image\/jpeg"}],"twitter_card":"summary_large_image","twitter_misc":{"Est. reading time":"1 minute"},"schema":{"@context":"https:\/\/schema.org","@graph":[{"@type":"WebPage","@id":"https:\/\/carlossebastiao.com\/chapas\/mdf\/","url":"https:\/\/carlossebastiao.com\/chapas\/mdf\/","name":"MDF - Carlos Alberto Tavares Sebasti\u00e3o e Filhos, Lda","isPartOf":{"@id":"https:\/\/carlossebastiao.com\/#website"},"datePublished":"2024-01-13T09:22:43+00:00","dateModified":"2024-01-26T12:44:05+00:00","breadcrumb":{"@id":"https:\/\/carlossebastiao.com\/chapas\/mdf\/#breadcrumb"},"inLanguage":"en-US","potentialAction":[{"@type":"ReadAction","target":["https:\/\/carlossebastiao.com\/chapas\/mdf\/"]}]},{"@type":"BreadcrumbList","@id":"https:\/\/carlossebastiao.com\/chapas\/mdf\/#breadcrumb","itemListElement":[{"@type":"ListItem","position":1,"name":"In\u00edcio","item":"https:\/\/carlossebastiao.com\/"},{"@type":"ListItem","position":2,"name":"MDF"}]},{"@type":"WebSite","@id":"https:\/\/carlossebastiao.com\/#website","url":"https:\/\/carlossebastiao.com\/","name":"Carlos Alberto Tavares Sebasti\u00e3o e Filhos, Lda","description":"Materiais de constru\u00e7\u00e3o, Constru\u00e7\u00e3o Civil, Loja de ferragens, Carpintaria em S\u00e3o Miguel A\u00e7ores","publisher":{"@id":"https:\/\/carlossebastiao.com\/#organization"},"potentialAction":[{"@type":"SearchAction","target":{"@type":"EntryPoint","urlTemplate":"https:\/\/carlossebastiao.com\/?s={search_term_string}"},"query-input":"required name=search_term_string"}],"inLanguage":"en-US"},{"@type":"Organization","@id":"https:\/\/carlossebastiao.com\/#organization","name":"Carlos Alberto Tavares Sebasti\u00e3o e Filhos, Lda","url":"https:\/\/carlossebastiao.com\/","logo":{"@type":"ImageObject","inLanguage":"en-US","@id":"https:\/\/carlossebastiao.com\/#\/schema\/logo\/image\/","url":"https:\/\/carlossebastiao.com\/wp-content\/uploads\/2023\/09\/logo-carlossebastiao.png","contentUrl":"https:\/\/carlossebastiao.com\/wp-content\/uploads\/2023\/09\/logo-carlossebastiao.png","width":400,"height":166,"caption":"Carlos Alberto Tavares Sebasti\u00e3o e Filhos, Lda"},"image":{"@id":"https:\/\/carlossebastiao.com\/#\/schema\/logo\/image\/"}}]}},"_links":{"self":[{"href":"https:\/\/carlossebastiao.com\/en\/wp-json\/wp\/v2\/chapas\/2815034","targetHints":{"allow":["GET"]}}],"collection":[{"href":"https:\/\/carlossebastiao.com\/en\/wp-json\/wp\/v2\/chapas"}],"about":[{"href":"https:\/\/carlossebastiao.com\/en\/wp-json\/wp\/v2\/types\/chapas"}],"author":[{"embeddable":true,"href":"https:\/\/carlossebastiao.com\/en\/wp-json\/wp\/v2\/users\/2"}],"version-history":[{"count":6,"href":"https:\/\/carlossebastiao.com\/en\/wp-json\/wp\/v2\/chapas\/2815034\/revisions"}],"predecessor-version":[{"id":2815318,"href":"https:\/\/carlossebastiao.com\/en\/wp-json\/wp\/v2\/chapas\/2815034\/revisions\/2815318"}],"wp:featuredmedia":[{"embeddable":true,"href":"https:\/\/carlossebastiao.com\/en\/wp-json\/wp\/v2\/media\/2815035"}],"wp:attachment":[{"href":"https:\/\/carlossebastiao.com\/en\/wp-json\/wp\/v2\/media?parent=2815034"}],"curies":[{"name":"wp","href":"https:\/\/api.w.org\/{rel}","templated":true}]}}

<div class="wp-block-media-text is-stacked-on-mobile"><figure class="wp-block-media-text__media"><img decoding="async" width="540" height="600" src="https://carlossebastiao.com/wp-content/uploads/2024/01/mdf-hidrofugo.jpg" alt="" class="wp-image-2815309 size-full" srcset="https://carlossebastiao.com/wp-content/uploads/2024/01/mdf-hidrofugo.jpg 540w, https://carlossebastiao.com/wp-content/uploads/2024/01/mdf-hidrofugo-270x300.jpg 270w, https://carlossebastiao.com/wp-content/uploads/2024/01/mdf-hidrofugo-11x12.jpg 11w" sizes="(max-width: 540px) 100vw, 540px" /></figure><div class="wp-block-media-text__content">
<p>Constituídos por fibras de madeira aglutinadas com resinas de melamina-ureia-formaldeído (MUF), os painéis de MDF hidrófugo, mantêm as suas caraterísticas físico-mecânicas se aplicados em ambiente interior húmido. Este MDF apresenta-se homogeneamente pigmentado de verde, para mais fácil identificação visual.</p>
</div></div>



<div style="height:100px" aria-hidden="true" class="wp-block-spacer"></div>



<h2 class="wp-block-heading"><strong>Aplicações</strong></h2>



<p>Aplicações em mobiliário, especialmente onde exista risco de exposição ocasional à humidade. Excelente material para utilizar no setor da construção civil, construção naval e carpintaria de interiores (substrato para apainelados, coberturas e pavimentos).</p>



<ul class="wp-block-list">
<li>Mobiliário em geral</li>
</ul>



<div style="height:100px" aria-hidden="true" class="wp-block-spacer"></div>

<p>Constituídos por fibras de madeira aglutinadas com resinas de melamina-ureia-formaldeído (MUF), os painéis de MDF hidrófugo, mantêm as suas caraterísticas físico-mecânicas se aplicados em ambiente interior húmido. Este MDF apresenta-se homogeneamente pigmentado de verde, para mais fácil identificação visual. Aplicações Aplicações em mobiliário, especialmente onde exista risco de exposição ocasional à humidade. Excelente material para [&hellip;]</p>

<!-- This site is optimized with the Yoast SEO plugin v21.3 - https://yoast.com/wordpress/plugins/seo/ -->
<title>MDF - Carlos Alberto Tavares Sebastião e Filhos, Lda</title>
<meta name="robots" content="index, follow, max-snippet:-1, max-image-preview:large, max-video-preview:-1" />
<link rel="canonical" href="https://carlossebastiao.com/en/chapas/mdf/" />
<meta property="og:locale" content="en_US" />
<meta property="og:type" content="article" />
<meta property="og:title" content="MDF - Carlos Alberto Tavares Sebastião e Filhos, Lda" />
<meta property="og:description" content="Constituídos por fibras de madeira aglutinadas com resinas de melamina-ureia-formaldeído (MUF), os painéis de MDF hidrófugo, mantêm as suas caraterísticas físico-mecânicas se aplicados em ambiente interior húmido. Este MDF apresenta-se homogeneamente pigmentado de verde, para mais fácil identificação visual. Aplicações Aplicações em mobiliário, especialmente onde exista risco de exposição ocasional à humidade. Excelente material para [&hellip;]" />
<meta property="og:url" content="https://carlossebastiao.com/en/chapas/mdf/" />
<meta property="og:site_name" content="Carlos Alberto Tavares Sebastião e Filhos, Lda" />
<meta property="article:modified_time" content="2024-01-26T12:44:05+00:00" />
<meta property="og:image" content="https://carlossebastiao.com/wp-content/uploads/2024/01/mdf.jpeg" />
	<meta property="og:image:width" content="214" />
	<meta property="og:image:height" content="121" />
	<meta property="og:image:type" content="image/jpeg" />
<meta name="twitter:card" content="summary_large_image" />
<meta name="twitter:label1" content="Est. reading time" />
	<meta name="twitter:data1" content="1 minute" />
<script type="application/ld+json" class="yoast-schema-graph">{"@context":"https://schema.org","@graph":[{"@type":"WebPage","@id":"https://carlossebastiao.com/chapas/mdf/","url":"https://carlossebastiao.com/chapas/mdf/","name":"MDF - Carlos Alberto Tavares Sebastião e Filhos, Lda","isPartOf":{"@id":"https://carlossebastiao.com/#website"},"datePublished":"2024-01-13T09:22:43+00:00","dateModified":"2024-01-26T12:44:05+00:00","breadcrumb":{"@id":"https://carlossebastiao.com/chapas/mdf/#breadcrumb"},"inLanguage":"en-US","potentialAction":[{"@type":"ReadAction","target":["https://carlossebastiao.com/chapas/mdf/"]}]},{"@type":"BreadcrumbList","@id":"https://carlossebastiao.com/chapas/mdf/#breadcrumb","itemListElement":[{"@type":"ListItem","position":1,"name":"Início","item":"https://carlossebastiao.com/"},{"@type":"ListItem","position":2,"name":"MDF"}]},{"@type":"WebSite","@id":"https://carlossebastiao.com/#website","url":"https://carlossebastiao.com/","name":"Carlos Alberto Tavares Sebastião e Filhos, Lda","description":"Materiais de construção, Construção Civil, Loja de ferragens, Carpintaria em São Miguel Açores","publisher":{"@id":"https://carlossebastiao.com/#organization"},"potentialAction":[{"@type":"SearchAction","target":{"@type":"EntryPoint","urlTemplate":"https://carlossebastiao.com/?s={search_term_string}"},"query-input":"required name=search_term_string"}],"inLanguage":"en-US"},{"@type":"Organization","@id":"https://carlossebastiao.com/#organization","name":"Carlos Alberto Tavares Sebastião e Filhos, Lda","url":"https://carlossebastiao.com/","logo":{"@type":"ImageObject","inLanguage":"en-US","@id":"https://carlossebastiao.com/#/schema/logo/image/","url":"https://carlossebastiao.com/wp-content/uploads/2023/09/logo-carlossebastiao.png","contentUrl":"https://carlossebastiao.com/wp-content/uploads/2023/09/logo-carlossebastiao.png","width":400,"height":166,"caption":"Carlos Alberto Tavares Sebastião e Filhos, Lda"},"image":{"@id":"https://carlossebastiao.com/#/schema/logo/image/"}}]}</script>
<!-- / Yoast SEO plugin. -->

MDF - Carlos Alberto Tavares Sebastião e Filhos, Lda

Constituídos por fibras de madeira aglutinadas com resinas de melamina-ureia-formaldeído (MUF), os painéis de MDF hidrófugo, mantêm as suas caraterísticas físico-mecânicas se aplicados em ambiente interior húmido. Este MDF apresenta-se homogeneamente pigmentado de verde, para mais fácil identificação visual. Aplicações Aplicações em mobiliário, especialmente onde exista risco de exposição ocasional à humidade. Excelente material para [&hellip;]

Carlos Alberto Tavares Sebastião e Filhos, Lda

Início

Materiais de construção, Construção Civil, Loja de ferragens, Carpintaria em São Miguel Açores
